 10.
6
Let v = 11 + 12. What is the remainder when 114 is divided by v?
22
Suppose -2*h - j + 19 = 2, 3*h = -4*j + 28. Calculate the remainder when (2 - 1)*(h - 2) is divided by 4.
2
Suppose 2*g = 10, 4*h - 5*h - 2*g = -21. Suppose 0 = 3*z - 1 - h. Suppose -38 = -3*a - z*i, 2*a - i = i + 30. What is the remainder when 40 is divided by a?
12
Let y = -7 - -12. Let r = 12 + 5. Calculate the remainder when r is divided by y.
2
Let c(g) = g**3 - g - 1. Let n be c(5). Let m = 76 + -155. Let s = n + m. Calculate the remainder when s is divided by 14.
12
Let m = -5 - -8. Let r = m + -3. Suppose r*d = 5*d - 185. Calculate the remainder when d is divided by 13.
11
Suppose -11*g + 538 = -1904. What is the remainder when g is divided by 56?
54
Suppose 0*s - 3*s + 33 = 0. Let y(i) = 5*i - 8. What is the remainder when y(8) is divided by s?
10
Let w(s) = -7*s + 9. What is the remainder when w(-6) is divided by 11?
7
Suppose -3*v + 15 = 3. Let y(b) = -2*b**2 - 15*b - 7. Calculate the remainder when y(-6) is divided by v.
3
What is the remainder when 32 is divided by (-188)/(-36) - (-4)/(-18)?
2
Suppose 5*f + q = 52 - 4, -33 = -5*f + 4*q. Suppose 7 + f = 4*y + 4*c, -c = 3*y - 10. Calculate the remainder when 4 is divided by y.
1
What is the remainder when 55 is divided by ((-14)/(-5))/(11/110)?
27
Suppose 0 = 2*j - 4*k + k - 274, -8 = 2*k. Calculate the remainder when j is divided by 15.
11
Suppose 5*o + 0*q - q - 12 = 0, 4*o = -4*q. Suppose o*m + 0*m = 66. What is the remainder when m is divided by 9?
6
Let x = 9 - -3. Let m = 19 + x. Calculate the remainder when m is divided by 17.
14
Let a = 7 + -9. What is the remainder when -1 + 38 + (a - -4) is divided by 14?
11
Let i(v) be the first derivative of -7/3*v**3 - 5*v + 2*v**2 + 2 + 1/4*v**4. What is the remainder when i(7) is divided by 8?
7
Suppose 0*d + d = -4*c - 17, 5*c + 40 = 5*d. Let h(w) = w**3 + 6*w**2 + 6*w + 6. What is the remainder when h(-5) is divided by ((-2)/d)/(4/(-6))?
0
Suppose 0 = -2*m - 3*z + 186, m = 6*m - 2*z - 446. Calculate the remainder when m is divided by 13.
12
Let d = -18 - -20. What is the remainder when 8 is divided by d?
0
Let j(s) = -16*s. Let d be j(-1). Suppose 5*f = d + 4. Calculate the remainder when f is divided by 3.
1
Let d(z) be the first derivative of 6*z**2 + z + 2. Calculate the remainder when d(3) is divided by 19.
18
Suppose 9 = -f - 2*f. Let w = f + 5. Suppose 46 = w*h - h. What is the remainder when h is divided by 16?
14
Let p = 0 + 30. Suppose -3*h - 2*h - p = 0. Calculate the remainder when 44 is divided by 136/6 - h/18.
21
Let c(t) = 2*t - 3. Let r be c(4). Suppose -a = -r*a + 92. Calculate the remainder when a is divided by 12.
11
Suppose 0*n + 3*s = 4*n - 178, -5*n + 223 = -4*s. Let t = n + -28. Calculate the remainder when 43 is divided by t.
13
Let g = 12 + -6. Let x(h) = h**3 - 7*h**2 + 6*h + 5. Let a be x(g). Suppose -a*k - 53 = -3*v - 2, -5*k = -v + 7. What is the remainder when v is divided by 8?
6
Let g = -89 + 157. Suppose -2*f + g + 110 = 0. Suppose -4*p - j + 70 = j, 5*p + 2*j = f. Calculate the remainder when p is divided by 7.
5
Suppose -2*m = 5*x + 19, 4*x - 3*m + m + 26 = 0. Let a = x - -18. Suppose 4*w = 3*w + 37. What is the remainder when w is divided by a?
11
Let f(w) = -w + 1. Let c be (-75)/9 + (-2)/3. Let v be f(c). Suppose 4*o = 2*o + v. What is the remainder when 8 is divided by o?
3
Suppose -2 - 70 = -3*c. Suppose -2*x + 143 = -13. Calculate the remainder when c is divided by ((-1)/(-2))/(3/x).
11
Suppose -23 = -4*p - c, 5 = -2*p + c + 12. Let n(v) = 5 + 1 - p - 5*v. Calculate the remainder when n(-9) is divided by 16.
14
Let g = -12 + 21. Suppose 0 = -2*d - 5*k - 41, -3*k = -2*d - 0 - 1. What is the remainder when g is divided by (-1)/4 - 42/d?
4
Let d(g) = 4*g - 1 - 4*g + g**3 - 2*g. Let t(a) = -2*a**3 + 2*a**2 + 2*a + 1. Let k be t(-1). What is the remainder when 58 is divided by d(k)?
18
Suppose -2*l + 5*l = -2*b + 20, l + 2 = 0. What is the remainder when b is divided by 5?
3
Let l(u) = -u**3 + 16*u**2 + 6. Let f = 35 + -25. Calculate the remainder when f is divided by l(16).
4
Let l = 9 - 5. Let f = -3 + l. Let o(g) = 10*g**2 - 1. What is the remainder when 25 is divided by o(f)?
7
What is the remainder when 11 is divided by 1 - ((-1 - 2) + 0)?
3
Let k be (-1 - -16)*(-8)/(-20). Let i = 24 - k. Calculate the remainder when i is divided by 5.
3
Suppose 0*h - 4*h - 8 = 0. Let q be (0*h/6)/(-2). Suppose -3*t + 2*r + 18 = 7*r, q = 3*r. What is the remainder when 16 is divided by t?
4
Suppose -3*x = -5*x, 4*r = 2*x + 16. Calculate the remainder when 25 is divided by 50/r - 1/(-2).
12
Let x = 2 - -8. Calculate the remainder when (1*-87)/(-3)*1 is divided by x.
9
Suppose -6*u + 180 = -u. Suppose c - 33 = -0*i - 2*i, 2*c - u = 2*i. Calculate the remainder when c is divided by 1 + 13 - 1 - 1.
11
Let j(c) = c**2 - c - 3. Let l be j(5). Suppose -q = -o + l, -q + 55 = 3*o - 2*q. What is the remainder when o is divided by 7?
5
Let x = 68 - 35. Calculate the remainder when x is divided by 10.
3
Suppose -3*a + 6 = -0*a. Suppose 0 = a*v + 2*r - 26, -2*v + 3*r = -2*r - 26. Calculate the remainder when 38 is divided by v.
12
Let s = 54 + -36. What is the remainder when 53 is divided by s?
17
Suppose -4*i + 64 = -2*h, 2*h = 3*h - 4. Suppose 0 = 2*y + 3 - 7. Suppose -y*n + i = n. What is the remainder when n is divided by 4?
2
Suppose 4 + 16 = 4*n. What is the remainder when 28 is divided by n?
3
Suppose -4*s = -106 - 58. Calculate the remainder when s is divided by 11.
8
Suppose 3*v - v - 5*w - 64 = 0, -4*v = 2*w - 80. Let z(k) = 87*k**3 - 2*k**2 + k. Calculate the remainder when z(1) is divided by v.
20
Let u(l) = -l**3 - 23*l**2 - 29*l - 17. What is the remainder when u(-22) is divided by 47?
43
Let r(j) = j + 11. Let w be r(-11). Let x(k) = k**2 + k + 8. What is the remainder when 14 is divided by x(w)?
6
Suppose 3*o = -0*o - 5*s + 46, 0 = 5*o + s - 40. What is the remainder when 32 is divided by o?
4
Let l(k) = 2*k**3 - 6*k**2 - 2*k - 1. Let v be l(5). Suppose 20 - v = -u. What is the remainder when u is divided by 18?
15
Suppose 5*t + 3*x = 241, t - 3*t - x = -96. Calculate the remainder when t is divided by 10.
7
Let k = 75 - 44. Let v(r) = 4*r - 8. What is the remainder when k - (0 - -2 - 2) is divided by v(6)?
15
Calculate the remainder when (6 + -4)*58/4 is divided by 15.
14
Let o(r) = -3*r + 22. Suppose -3 = -3*m + 2*m. What is the remainder when o(6) is divided by m?
1
What is the remainder when 1/((-1)/((-294)/(-880)) - -3) is divided by 30?
27
Suppose -x + 2*u = 3, 3*x - 3 + 0 = 3*u. Suppose 28 - 133 = -x*s. Let n = -125 - -186. What is the remainder when n is divided by s?
19
Suppose 2*d = -4*x - 14, -2*d + 0*d - 5*x = 19. Let h be (-6)/27 - 74/(-9). Let n = -7 + h. What is the remainder when d is divided by n?
0
Let x = 10 - 2. Suppose -5*b + 2*b + 9 = 0. Calculate the remainder when x is divided by b.
2
Let i = -2 + 18. Suppose 0 = 2*k - 226 - i. Calculate the remainder when k is divided by 31.
28
Suppose 0 = -5*y + 1 - 31. Let a(g) = -g - 3. Let d be a(4). Let h = y - d. What is the remainder when h is divided by 1?
0
Suppose 0 = -2*l + 4*i + 117 + 29, 0 = -3*l - 4*i + 229. What is the remainder when l is divided by 20?
15
Suppose -114 - 172 = -11*q. Calculate the remainder when 92 is divided by q.
14
Let n = -1 + 3. Suppose -5*k + 2*i = 31, -k + 4*i - 20 = -i. Let t(v) = -v**2 - 4*v + 7. Calculate the remainder when t(k) is divided by n.
0
Let k be (5/((-15)/(-9)))/3. Calculate the remainder when 2 is divided by k - -4 - 2 - 1.
0
Suppose 62 = 4*w - 54. What is the remainder when 85 is divided by w?
27
Suppose 4*s + 0*s + 44 = 0. Suppose -2*k = 3*k + 80. Let p = s - k. What is the remainder when p is divided by 3?
2
What is the remainder when (-93)/(-6)*(0 - -2) is divided by 7?
3
Let s be 2/3 + (-20)/(-6). Calculate the remainder when 28 is divided by (1 - s)/((-18)/60).
8
Let o = 1 + 10. Let a = o + -7. Calculate the remainder when 5 is divided by a.
1
Let p(i) = -i**2 - 4*i + 3. Let n be p(-4). What is the remainder when 2 - (3 + 1 - n) is divided by (-1 + 0/1)*-1?
0
Let s = -21 - -41. Let g = -14 - 9. Let r = -12 - g. Calculate the remainder when s is divided by r.
9
Suppose -z = 4*z - 65. Let t(h) = h**3 - 4*h**2 + h 